Seleziona l'anno e il mese per il report
Report for 2023 Mag
Monthly Climatological Summary for mag 2023
Name: Piavemeteo Davis VP2 City: Falzè di Piave - Treviso State: Italy
Elevation: 107 m Lat: N 45° 51' 57" Lon: E 012° 10' 46"
Temperature (°C), Rain (mm), Wind Speed (km/h)
Heat Cool Avg
Mean Deg Deg Wind Dom
Day Temp High Time Low Time Days Days Rain Speed High Time Dir
----------------------------------------------------------------------------------
1 16,0 20,9 14.50 11,2 06.35 2,6 0,3 1,8 1,1 16,0 12.50 E
2 13,6 16,4 14.36 11,7 05.38 4,7 0,0 8,0 0,0 5,0 10.35 ESE
3 15,1 20,4 16.04 10,1 00.00 3,5 0,3 0,6 0,4 13,0 15.16 E
4 16,1 23,7 15.11 8,1 06.10 3,7 1,5 0,0 0,4 11,0 12.17 SSE
5 17,8 25,8 15.31 9,1 06.18 2,9 2,4 0,0 0,3 10,0 12.34 SSE
6 18,1 26,7 15.34 11,1 05.15 2,5 2,3 0,2 0,2 8,0 13.40 SE
7 18,9 25,9 16.09 11,6 06.05 1,9 2,5 0,2 0,1 6,0 13.43 ESE
8 17,1 20,4 16.44 15,1 05.40 1,5 0,3 6,0 0,1 10,0 03.35 E
9 17,1 21,3 13.52 13,3 05.45 1,9 0,7 0,0 0,7 14,0 10.59 E
10 13,2 16,6 00.00 11,6 06.45 5,0 0,0 22,6 0,7 23,0 13.18 ENE
11 11,5 12,2 15.35 10,7 08.14 6,7 0,0 45,8 0,2 10,0 11.26 NNE
12 12,7 14,6 18.17 11,5 00.00 5,6 0,0 21,2 0,5 14,0 13.10 ENE
13 13,4 17,9 15.36 9,5 00.00 4,9 0,0 1,4 0,5 14,0 16.55 E
14 12,8 17,1 17.04 8,8 01.20 5,5 0,0 1,8 0,0 6,0 14.05 NNW
15 15,7 22,9 16.12 8,2 05.45 3,6 1,0 0,2 0,3 13,0 12.48 ESE
16 14,5 18,2 15.25 12,0 02.25 3,7 0,0 4,0 0,4 23,0 13.53 NE
17 15,2 19,3 14.27 12,1 06.17 3,1 0,1 0,2 0,2 10,0 14.29 ESE
18 16,3 21,4 17.33 8,2 06.18 2,9 0,9 0,0 0,4 16,0 22.51 E
19 17,4 21,0 13.55 13,6 06.34 1,5 0,6 0,0 0,8 18,0 12.59 E
20 17,6 22,3 14.04 13,3 05.20 1,6 0,9 0,6 0,3 16,0 13.33 ENE
21 21,2 28,7 15.02 13,6 06.00 1,3 4,2 0,0 1,3 23,0 14.25 E
22 22,5 29,6 17.02 14,3 05.35 0,5 4,7 0,0 0,5 14,0 13.16 E
23 21,5 29,9 15.15 12,8 05.50 1,3 4,5 0,0 0,5 14,0 17.15 ESE
24 19,9 25,8 16.44 13,7 06.00 1,2 2,7 0,0 0,7 13,0 12.45 E
25 21,9 28,6 16.13 15,9 05.10 0,4 3,9 0,0 0,7 16,0 11.17 E
26 21,7 29,1 16.26 13,5 05.45 1,1 4,5 0,0 0,3 11,0 10.58 SE
27 21,6 28,1 16.50 16,3 06.00 0,4 3,7 7,0 0,3 18,0 00.41 ESE
28 20,3 27,3 16.28 15,4 00.00 0,7 2,7 1,8 0,3 18,0 14.56 ENE
29 21,0 28,4 15.05 14,2 04.00 1,0 3,7 0,0 0,4 11,0 11.50 ENE
30 21,7 28,4 15.31 14,8 05.55 0,5 3,9 0,2 0,5 23,0 20.30 ENE
31 21,4 27,3 14.39 15,2 06.14 0,6 3,7 0,4 1,1 21,0 16.46 E
----------------------------------------------------------------------------------
17,6 29,9 23 8,1 4 78,3 56,0 124,0 0,5 23,0 10 E
Max >= 35,0: 0
Max <= 25,0: 17
Min <= 0,0: 0
Min <= -5,0: 0
Max Rain: 45,8 on day 11
Days of Rain: 19 (>= 0,2 mm) 7 (>= 2,0 mm) 3 (>= 20,0 mm)
Heat Base: 18,3 Cool Base: 18,3 Method: Integration