Seleziona l'anno e il mese per il report
Report for 2023 Giu
Monthly Climatological Summary for giu 2023
Name: Piavemeteo Davis VP2 City: Falzè di Piave - Treviso State: Italy
Elevation: 107 m Lat: N 45° 51' 57" Lon: E 012° 10' 46"
Temperature (°C), Rain (mm), Wind Speed (km/h)
Heat Cool Avg
Mean Deg Deg Wind Dom
Day Temp High Time Low Time Days Days Rain Speed High Time Dir
----------------------------------------------------------------------------------
1 22,3 28,8 16.13 14,4 05.45 0,6 4,5 0,0 0,5 14,0 12.10 E
2 22,2 30,2 15.09 14,3 05.45 0,8 4,7 0,2 0,5 19,0 18.50 ESE
3 20,7 27,1 15.02 16,6 22.15 0,5 2,8 4,8 0,7 14,0 12.56 ENE
4 19,3 24,7 16.54 16,3 05.00 0,7 1,7 2,4 0,3 11,0 15.37 NE
5 18,5 22,7 15.40 15,3 05.45 0,8 1,0 7,0 0,8 19,0 16.36 E
6 19,2 23,9 12.56 16,1 06.00 0,5 1,4 3,8 0,3 16,0 12.26 ENE
7 21,0 26,8 14.38 14,2 05.35 0,9 3,6 0,0 0,2 10,0 13.18 SE
8 21,7 28,7 16.20 14,6 05.45 0,8 4,1 0,8 0,3 16,0 19.10 E
9 21,1 28,5 16.09 13,8 05.40 1,0 3,8 13,2 0,4 18,0 19.57 SE
10 20,7 28,6 16.12 16,8 00.00 0,4 2,8 16,4 0,4 26,0 17.47 E
11 21,4 29,3 16.28 15,7 05.45 0,5 3,7 1,6 0,2 19,0 17.51 ESE
12 22,5 28,7 15.39 16,5 05.45 0,2 4,4 2,8 0,3 11,0 00.00 ESE
13 20,0 25,9 16.15 16,0 03.25 0,6 2,3 7,4 0,9 19,0 00.15 ENE
14 21,6 27,2 15.29 15,2 05.45 0,5 3,8 2,4 0,8 16,0 22.10 ENE
15 21,4 27,7 14.43 15,2 05.35 0,6 3,7 1,6 0,4 11,0 11.57 ENE
16 22,1 28,7 16.07 14,6 05.45 0,6 4,4 0,0 0,3 11,0 14.51 SE
17 22,2 30,0 16.09 13,6 05.40 1,0 4,9 0,0 0,4 10,0 11.55 SE
18 22,8 29,8 16.24 15,2 05.40 0,5 4,9 0,0 0,5 13,0 17.12 SE
19 23,8 30,9 17.00 15,9 03.50 0,5 5,9 0,0 0,3 10,0 11.20 ESE
20 25,0 32,0 16.30 17,8 05.40 0,0 6,7 0,0 0,3 10,0 09.27 SE
21 26,0 33,1 16.38 19,3 04.35 0,0 7,6 0,0 0,1 8,0 12.44 SE
22 26,9 34,2 16.14 19,9 05.30 0,0 8,5 0,0 0,2 8,0 13.32 SSE
23 24,8 31,9 12.10 18,9 00.00 0,0 6,4 0,2 0,5 14,0 13.06 ENE
24 23,5 30,5 14.39 14,3 05.53 0,6 5,8 0,0 0,1 8,0 13.32 SE
25 24,6 31,2 16.22 16,5 05.55 0,2 6,4 0,0 0,4 10,0 14.24 SSE
26 25,5 32,6 16.03 16,6 05.55 0,2 7,3 0,0 0,3 13,0 09.05 SE
27 23,3 31,6 14.42 18,4 05.35 0,0 5,0 2,2 0,4 13,0 18.44 ENE
28 22,3 26,7 15.19 17,8 06.09 0,0 4,0 0,0 0,8 23,0 10.44 ENE
29 22,9 29,6 15.14 15,3 05.20 0,4 5,0 0,0 0,5 11,0 13.23 SE
30 20,3 27,6 12.34 15,1 05.55 0,6 2,3 0,6 0,0 10,0 13.00 ESE
----------------------------------------------------------------------------------
22,3 34,2 22 13,6 17 14,0 133,4 67,4 0,4 26,0 10 E
Max >= 35,0: 0
Max <= 25,0: 3
Min <= 0,0: 0
Min <= -5,0: 0
Max Rain: 16,4 on day 10
Days of Rain: 16 (>= 0,2 mm) 10 (>= 2,0 mm) 0 (>= 20,0 mm)
Heat Base: 18,3 Cool Base: 18,3 Method: Integration