Seleziona l'anno e il mese per il report
Report for 2023 Lug
Monthly Climatological Summary for lug 2023
Name: Piavemeteo Davis VP2 City: Falzè di Piave - Treviso State: Italy
Elevation: 107 m Lat: N 45° 51' 57" Lon: E 012° 10' 46"
Temperature (°C), Rain (mm), Wind Speed (km/h)
Heat Cool Avg
Mean Deg Deg Wind Dom
Day Temp High Time Low Time Days Days Rain Speed High Time Dir
----------------------------------------------------------------------------------
1 21,3 29,3 13.15 18,2 06.15 0,0 3,0 4,8 0,2 14,0 17.01 ENE
2 23,3 29,3 16.23 16,8 06.00 0,2 5,1 0,8 0,1 8,0 11.44 SSE
3 21,8 24,8 16.19 18,3 00.00 0,0 3,5 17,8 0,5 13,0 14.43 ENE
4 23,5 30,2 16.06 16,2 05.45 0,3 5,5 6,8 0,4 13,0 12.49 E
5 22,6 29,0 16.53 16,6 05.40 0,3 4,6 14,8 0,4 14,0 02.30 ESE
6 20,7 26,2 17.04 16,3 05.30 0,2 2,6 7,6 0,1 13,0 00.26 E
7 23,3 30,2 16.33 15,2 05.30 0,5 5,4 0,0 0,2 10,0 15.35 SSE
8 24,6 31,5 16.32 16,6 05.45 0,2 6,4 0,0 0,2 10,0 14.08 SE
9 25,8 33,0 16.41 17,8 05.50 0,0 7,5 0,0 0,2 10,0 15.06 ESE
10 27,3 34,3 16.14 19,6 05.35 0,0 9,0 0,0 0,1 8,0 16.47 SE
11 27,8 33,8 14.18 21,7 05.45 0,0 9,5 0,0 0,3 13,0 15.15 SE
12 24,9 30,8 15.40 19,2 11.10 0,0 6,6 5,0 0,4 19,0 03.55 NE
13 22,6 29,7 15.12 18,2 02.10 0,0 4,2 16,6 0,1 19,0 01.30 E
14 24,6 31,2 16.25 17,0 05.20 0,1 6,5 0,0 0,5 14,0 00.10 ENE
15 25,7 32,8 16.31 17,2 05.18 0,1 7,4 0,0 0,2 10,0 13.38 SE
16 27,3 33,9 16.18 20,2 05.40 0,0 8,9 0,0 0,3 10,0 16.24 SE
17 28,6 34,7 15.03 21,7 06.12 0,0 10,3 0,0 0,2 10,0 15.13 SE
18 28,2 35,4 15.02 21,7 23.55 0,0 9,9 1,6 0,5 14,0 12.11 E
19 25,8 33,6 16.28 20,1 05.56 0,0 7,4 9,6 0,2 11,0 22.25 E
20 26,4 33,1 16.05 19,3 06.12 0,0 8,1 0,2 0,5 18,0 13.31 E
21 23,8 29,0 11.50 18,8 14.30 0,0 5,5 8,0 0,5 18,0 10.53 E
22 23,1 28,6 12.17 16,8 05.35 0,2 4,9 0,6 0,3 13,0 12.11 ENE
23 24,8 30,8 14.54 18,2 05.00 0,0 6,5 0,0 0,5 13,0 09.24 ESE
24 23,4 27,8 13.57 17,7 22.50 0,0 5,1 15,0 0,5 23,0 22.32 ENE
25 21,3 27,7 15.28 16,9 03.05 0,3 3,3 14,2 0,4 19,0 22.20 E
26 21,4 28,6 16.08 15,2 06.05 0,5 3,7 0,0 0,9 19,0 17.18 ESE
27 20,5 26,9 15.20 12,3 06.00 1,4 3,6 0,0 0,4 10,0 12.08 SSE
28 22,2 28,1 16.06 15,3 05.35 0,5 4,4 0,0 0,1 6,0 10.01 ENE
29 24,6 30,5 15.24 17,7 06.09 0,0 6,3 0,0 0,3 10,0 14.56 ESE
30 24,9 30,2 16.44 19,6 06.25 0,0 6,5 3,2 0,3 11,0 04.55 SE
31 24,5 30,8 15.59 17,8 06.10 0,0 6,2 0,0 0,5 11,0 12.00 E
----------------------------------------------------------------------------------
24,2 35,4 18 12,3 27 4,8 187,4 126,6 0,3 23,0 24 E
Max >= 35,0: 1
Max <= 25,0: 1
Min <= 0,0: 0
Min <= -5,0: 0
Max Rain: 17,8 on day 3
Days of Rain: 16 (>= 0,2 mm) 12 (>= 2,0 mm) 0 (>= 20,0 mm)
Heat Base: 18,3 Cool Base: 18,3 Method: Integration