Seleziona l'anno e il mese per il report
Report for 2023 Ago
Monthly Climatological Summary for ago 2023
Name: Piavemeteo Davis VP2 City: Falzè di Piave - Treviso State: Italy
Elevation: 107 m Lat: N 45° 51' 57" Lon: E 012° 10' 46"
Temperature (°C), Rain (mm), Wind Speed (km/h)
Heat Cool Avg
Mean Deg Deg Wind Dom
Day Temp High Time Low Time Days Days Rain Speed High Time Dir
----------------------------------------------------------------------------------
1 21,8 26,6 13.53 18,7 06.05 0,0 3,5 6,2 0,1 11,0 19.53 ENE
2 23,3 29,3 16.15 18,1 04.05 0,0 5,0 0,2 0,3 11,0 13.56 E
3 24,0 30,6 14.07 19,9 05.45 0,0 5,6 10,0 0,6 26,0 17.37 E
4 21,7 28,6 11.28 17,5 14.15 0,0 3,4 7,2 0,7 23,0 13.13 ENE
5 18,2 20,8 17.29 15,9 07.33 0,6 0,5 19,4 0,0 8,0 14.25 ---
6 19,9 26,1 16.48 14,9 23.55 0,8 2,4 0,6 0,4 19,0 19.57 ESE
7 19,7 27,8 16.29 12,0 06.05 1,8 3,2 0,0 0,1 10,0 13.31 SSE
8 19,3 26,1 16.50 11,6 06.26 1,8 2,7 0,0 0,4 13,0 11.28 E
9 21,0 26,8 15.47 15,8 04.00 0,6 3,3 0,0 0,0 6,0 16.20 ENE
10 22,2 27,1 15.55 17,5 00.00 0,0 3,9 0,0 0,2 11,0 13.20 E
11 23,0 30,0 16.35 15,2 06.16 0,4 5,1 0,0 0,2 10,0 15.18 SE
12 23,7 30,4 15.04 16,2 06.25 0,3 5,7 0,0 0,3 11,0 14.01 SE
13 25,6 33,7 16.52 18,1 06.40 0,0 7,3 0,0 0,2 8,0 11.26 SE
14 25,3 32,7 15.58 17,9 06.05 0,0 7,0 0,0 0,5 11,0 12.11 E
15 25,6 32,7 15.33 18,2 06.02 0,0 7,2 0,0 0,2 11,0 15.47 E
16 26,4 33,6 16.59 19,3 07.00 0,0 8,0 0,6 0,2 8,0 13.12 ESE
17 25,2 32,4 15.48 18,8 06.35 0,0 6,8 0,2 0,2 14,0 19.18 E
18 25,8 33,2 16.09 19,1 04.35 0,0 7,5 0,0 0,2 8,0 13.02 SE
19 26,6 33,9 16.59 19,1 06.30 0,0 8,2 0,0 0,2 11,0 14.13 SE
20 27,1 34,6 15.41 20,1 06.05 0,0 8,8 0,0 0,2 11,0 15.29 SE
21 28,2 36,4 15.25 20,4 06.15 0,0 9,8 0,0 0,1 10,0 11.38 SE
22 27,8 36,2 14.54 20,0 06.40 0,0 9,5 0,0 0,4 8,0 11.12 ESE
23 28,2 36,7 14.14 19,3 06.20 0,0 9,9 0,0 0,1 6,0 12.45 SE
24 28,8 36,8 15.38 21,1 06.32 0,0 10,5 0,0 0,1 11,0 17.06 SSE
25 28,2 36,0 16.34 20,9 06.31 0,0 9,9 0,0 0,3 11,0 17.22 ESE
26 27,2 34,8 15.31 19,3 06.50 0,0 8,9 0,0 0,3 11,0 11.04 ESE
27 26,0 30,8 13.42 21,4 05.15 0,0 7,7 0,0 0,4 13,0 11.58 E
28 21,3 24,9 15.21 16,2 00.00 0,1 3,1 45,2 0,6 16,0 16.19 ENE
29 18,6 22,8 14.19 15,8 01.30 0,8 1,1 12,6 0,1 13,0 21.30 ENE
30 18,2 22,8 16.35 15,6 00.00 1,0 0,9 3,2 0,1 8,0 12.48 ESE
31 19,5 25,3 13.57 15,3 00.30 0,9 2,1 1,4 0,2 11,0 19.54 E
----------------------------------------------------------------------------------
23,8 36,8 24 11,6 8 9,1 178,5 106,8 0,3 26,0 3 E
Max >= 35,0: 5
Max <= 25,0: 4
Min <= 0,0: 0
Min <= -5,0: 0
Max Rain: 45,2 on day 28
Days of Rain: 12 (>= 0,2 mm) 7 (>= 2,0 mm) 1 (>= 20,0 mm)
Heat Base: 18,3 Cool Base: 18,3 Method: Integration