Seleziona l'anno e il mese per il report
Report for 2023 Set
Monthly Climatological Summary for set 2023
Name: Piavemeteo Davis VP2 City: Falzè di Piave - Treviso State: Italy
Elevation: 107 m Lat: N 45° 51' 57" Lon: E 012° 10' 46"
Temperature (°C), Rain (mm), Wind Speed (km/h)
Heat Cool Avg
Mean Deg Deg Wind Dom
Day Temp High Time Low Time Days Days Rain Speed High Time Dir
----------------------------------------------------------------------------------
1 21,2 27,7 16.06 15,7 05.50 0,4 3,3 0,4 0,1 10,0 11.30 ESE
2 22,1 29,2 16.30 15,6 06.45 0,5 4,3 0,0 0,2 8,0 11.40 SE
3 22,7 29,1 14.44 17,1 06.05 0,2 4,5 0,0 0,2 8,0 11.15 ESE
4 22,7 28,3 16.48 18,6 02.10 0,0 4,4 0,0 0,2 8,0 13.03 SSE
5 22,2 28,4 15.45 15,7 00.00 0,1 4,0 0,0 0,3 11,0 00.20 ESE
6 20,9 29,7 15.45 13,1 06.19 1,5 4,1 0,0 0,4 11,0 13.03 ENE
7 21,5 29,8 15.29 13,9 06.10 1,2 4,4 0,0 0,4 14,0 12.38 E
8 21,7 30,6 16.15 13,9 06.05 1,2 4,6 0,0 0,4 13,0 12.26 E
9 21,9 31,1 16.42 14,4 06.26 1,0 4,7 0,0 0,3 13,0 12.06 E
10 21,9 30,9 16.02 14,0 06.35 1,2 4,7 0,0 0,3 11,0 11.40 E
11 21,9 31,4 16.09 13,6 07.03 1,2 4,8 0,0 0,1 6,0 12.40 SSE
12 21,6 29,4 16.29 14,2 06.39 0,9 4,2 0,0 0,0 8,0 15.27 SE
13 21,3 26,9 15.23 16,6 06.30 0,2 3,2 0,0 0,0 6,0 15.19 SSE
14 20,0 25,2 17.50 17,8 00.00 0,0 1,1 0,2 0,1 13,0 13.51 ENE
15 20,8 27,2 16.04 15,8 03.10 0,7 3,1 0,0 0,4 11,0 09.52 E
16 20,2 27,5 14.27 14,0 07.15 1,1 3,0 0,0 0,1 8,0 13.36 SSE
17 20,7 26,4 15.28 15,3 06.50 0,7 3,1 0,0 0,0 6,0 10.34 SE
18 20,7 25,3 14.40 17,7 05.10 0,0 2,4 11,0 0,0 6,0 20.55 ---
19 21,1 28,6 15.16 16,2 07.08 0,3 3,2 0,0 0,4 21,0 16.07 ENE
20 20,9 27,8 15.33 14,4 06.39 0,9 3,4 5,2 0,1 10,0 20.18 SE
21 19,6 25,6 15.22 15,2 07.13 0,5 1,8 6,0 0,0 6,0 11.37 NE
22 19,5 22,2 15.18 17,9 04.40 0,1 1,3 2,8 0,0 6,0 13.53 ---
23 19,0 25,5 16.20 14,4 23.55 1,2 1,9 10,8 0,6 18,0 12.36 ENE
24 18,1 24,8 16.17 12,8 07.40 2,0 1,8 0,2 0,1 8,0 13.42 SE
25 18,5 27,1 15.52 11,5 07.09 2,1 2,3 0,0 0,1 6,0 13.00 SE
26 19,5 27,9 16.10 12,5 06.37 2,0 3,2 0,0 0,5 14,0 13.40 E
27 20,2 28,8 15.16 12,6 06.45 1,9 3,7 0,0 0,9 23,0 12.57 ENE
28 19,1 28,3 15.13 11,8 06.06 2,4 3,2 0,0 0,5 14,0 13.22 E
29 19,0 28,3 16.48 11,9 06.14 2,4 3,1 0,0 0,2 11,0 12.30 ENE
30 19,6 28,9 16.38 12,9 04.40 1,8 3,1 0,0 0,0 5,0 12.18 SSE
----------------------------------------------------------------------------------
20,7 31,4 11 11,5 25 29,7 99,9 36,6 0,2 23,0 27 E
Max >= 35,0: 0
Max <= 25,0: 2
Min <= 0,0: 0
Min <= -5,0: 0
Max Rain: 11,0 on day 18
Days of Rain: 8 (>= 0,2 mm) 5 (>= 2,0 mm) 0 (>= 20,0 mm)
Heat Base: 18,3 Cool Base: 18,3 Method: Integration