Seleziona l'anno e il mese per il report
Report for 2023 Dic
Monthly Climatological Summary for dic 2023
Name: Piavemeteo Davis VP2 City: Falzè di Piave - Treviso State: Italy
Elevation: 107 m Lat: N 45° 51' 57" Lon: E 012° 10' 46"
Temperature (°C), Rain (mm), Wind Speed (km/h)
Heat Cool Avg
Mean Deg Deg Wind Dom
Day Temp High Time Low Time Days Days Rain Speed High Time Dir
----------------------------------------------------------------------------------
1 5,8 7,2 20.45 4,3 00.00 12,4 0,0 18,4 0,0 5,0 19.55 ---
2 8,9 14,7 13.36 4,4 23.40 9,4 0,0 1,2 0,6 21,0 16.16 NE
3 2,4 7,7 13.27 -1,6 22.45 15,7 0,0 0,8 0,1 8,0 11.59 E
4 0,7 4,3 14.34 -3,1 06.49 17,4 0,0 0,8 0,0 3,0 11.49 ---
5 3,4 6,6 15.27 1,3 04.15 14,8 0,0 0,6 0,0 3,0 12.37 ---
6 3,4 9,4 13.26 -0,8 23.50 14,7 0,0 0,0 0,0 3,0 11.32 ---
7 1,8 10,3 13.44 -1,8 23.40 16,4 0,0 0,2 0,0 5,0 14.24 E
8 1,7 6,8 14.24 -2,4 04.55 16,4 0,0 0,0 0,0 3,0 20.19 ---
9 3,4 10,1 13.29 -0,6 08.20 14,7 0,0 0,0 0,0 3,0 11.10 ---
10 3,5 9,2 13.48 -0,3 21.55 14,7 0,0 1,2 0,0 6,0 13.14 ---
11 2,9 10,3 15.06 -0,3 02.30 15,2 0,0 0,0 0,0 5,0 13.14 ---
12 4,3 11,4 14.05 -0,8 06.12 13,9 0,0 0,2 0,0 2,0 00.09 ---
13 6,4 7,4 13.42 4,6 00.00 11,8 0,0 25,8 0,0 3,0 20.15 ---
14 4,5 12,3 13.52 0,6 07.50 13,7 0,0 0,2 0,0 5,0 12.42 ---
15 3,6 12,9 13.44 -0,6 07.20 14,6 0,0 0,2 0,0 5,0 02.36 ---
16 1,5 9,5 13.48 -2,2 07.31 16,6 0,0 0,4 0,0 3,0 10.17 ---
17 2,4 11,5 13.52 -2,2 07.46 15,8 0,0 0,2 0,0 3,0 01.15 ---
18 3,7 14,5 13.53 -1,4 05.45 14,5 0,0 0,0 0,0 3,0 12.09 ---
19 3,8 14,8 13.42 -1,1 07.41 14,4 0,0 0,2 0,0 3,0 12.38 ---
20 1,5 7,1 14.10 -1,6 05.20 16,7 0,0 0,0 0,0 3,0 12.07 ---
21 2,0 8,4 12.13 -1,8 06.14 16,2 0,0 0,4 0,0 3,0 17.05 ---
22 4,8 13,1 13.56 -0,7 00.00 13,4 0,0 0,0 0,1 8,0 10.46 E
23 3,3 11,9 13.51 -1,2 05.55 14,9 0,0 0,2 0,0 6,0 13.55 E
24 4,9 13,9 13.39 -0,7 07.34 13,3 0,0 0,2 0,0 8,0 13.23 E
25 5,8 10,2 14.10 1,4 05.25 12,4 0,0 0,2 0,0 2,0 02.50 ---
26 7,8 9,8 14.34 6,8 07.55 10,4 0,0 0,0 0,0 3,0 22.50 ---
27 7,6 12,7 13.59 4,9 06.17 10,6 0,0 0,0 0,0 3,0 14.07 ---
28 7,5 10,7 14.03 4,8 22.55 10,8 0,0 0,0 0,0 2,0 00.43 ---
29 5,2 11,4 13.49 -0,2 07.18 13,0 0,0 0,0 0,0 6,0 13.57 ---
30 5,5 11,9 14.00 1,5 07.45 12,6 0,0 0,0 0,0 2,0 10.02 ---
31 6,1 8,7 12.58 3,2 00.00 12,2 0,0 14,6 0,0 3,0 23.00 ---
----------------------------------------------------------------------------------
4,2 14,8 19 -3,1 4 433,6 0,0 66,0 0,0 21,0 2 ENE
Max >= 35,0: 0
Max <= 25,0: 31
Min <= 0,0: 20
Min <= -5,0: 0
Max Rain: 25,8 on day 13
Days of Rain: 19 (>= 0,2 mm) 3 (>= 2,0 mm) 1 (>= 20,0 mm)
Heat Base: 18,3 Cool Base: 18,3 Method: Integration